1 + 7 + 3. What is the tens digit of o(7)?
1
Let p = 4 + 4. Let u(h) = -3*h + 6*h + 2 - p*h - 13*h. What is the tens digit of u(-2)?
3
Let g = 69 + 12. Suppose 76*a = g*a - 1275. What is the hundreds digit of a?
2
Let z = -5 + 23. Suppose 232 = 22*u - z*u. What is the tens digit of u?
5
Suppose 20 = -8*h + 12*h. Suppose -h*k = 2*m - 4*m - 42, 0 = -2*m + 2*k - 36. Let j = m + 39. What is the units digit of j?
3
Suppose -3*v - 2940 = -3*g + 1536, 0 = v - 5. What is the units digit of g?
7
Suppose 0 = 7*b + 7 + 7. What is the hundreds digit of 153*-1*b/3?
1
Let f(v) be the first derivative of -v**3/2 - 5*v**2/2 + 4*v + 7. Let t(u) be the first derivative of f(u). What is the units digit of t(-4)?
7
Let h(s) = -19 + 5*s**2 + 12*s + 40 - 16. What is the tens digit of h(-6)?
1
Suppose 0*x - 3*x - 4*a = -184, 0 = -3*a - 15. What is the tens digit of x?
6
Suppose 15 = -3*z - 2*t - t, 2*z - 2 = t. Let y = -5 + z. What is the units digit of (-8)/(-48) + (-191)/y?
2
Suppose 4*s - 2*l + 7*l = 35, -15 = -2*s - 5*l. Let t be ((-175)/s)/((-2)/4). Suppose -2*h - 5*n + t = 3*h, 5*n - 27 = -3*h. What is the units digit of h?
4
Let y = 1054 + -797. What is the tens digit of y?
5
What is the hundreds digit of (-4)/((-52)/3369) - 4/26?
2
Suppose 0*w = 5*w. Suppose w = -2*b - u + 84, 4 + 4 = 4*u. Let z = b - 18. What is the tens digit of z?
2
Suppose -4767 = 211*l - 214*l. What is the tens digit of l?
8
Let f = 375 + 1215. What is the hundreds digit of f?
5
What is the hundreds digit of (-4 - 58)/((-2)/(-7)*-1)?
2
Suppose 3*r + 60 = -4*z, 0 = 4*r - 3*r - z + 20. Let s be (-229)/(-4) - (-5)/r. Suppose s - 237 = -4*a. What is the units digit of a?
5
Let m(o) = o**2 - 6. Let i be m(-3). Suppose -n + i = 3*z, -4*z = 5*n - 3*z - 29. Suppose -w = n - 50. What is the tens digit of w?
4
Let q(h) = -h**3 - h - 1. Let l(r) = 3*r**3 + 12*r + 5. Let d(p) = -l(p) - 4*q(p). What is the tens digit of d(5)?
8
What is the hundreds digit of (7/(-21))/(3/(-1908))?
2
Let j = -10 + -4. What is the tens digit of (-8 + 4)/(2/j)?
2
Let r(o) = 170*o**2 - o + 82. What is the hundreds digit of r(5)?
3
Let k = 47 - 17. Suppose 4*c - 330 = -3*r - 27, -101 = -r + 3*c. Let p = r - k. What is the tens digit of p?
7
Suppose 27*t - 46268 = 793. What is the units digit of t?
3
Let f be ((-3)/6)/((-2)/(-12)). Let w be (54/(-10))/((-2)/10). Let k = w + f. What is the tens digit of k?
2
Let y(l) = 155*l - 91. What is the tens digit of y(17)?
4
Let y(c) = c**3 + 14*c**2 - 4*c + 14. Let a be y(-15). Let n = -115 - a. What is the units digit of n?
6
Let p = -1073 - -1083. Let d(i) = -i - i**3 + i + i + 10*i**2 + 10. What is the tens digit of d(p)?
2
Let i = 13 - 8. Let d = i + -9. Let a(f) = -4*f - 3. What is the units digit of a(d)?
3
Let h = 1535 + -371. What is the thousands digit of h?
1
Let t(p) = -3*p + 2. Let n be t(-3). Let m(w) = -4 + 3 - n + 2*w**2 + 9*w. What is the tens digit of m(-8)?
4
What is the tens digit of 681*(10 + (-104)/12)?
0
Suppose -4*r = -9 - 23. Suppose -1 - r = 3*n. What is the tens digit of ((-1)/n)/(11/330)?
1
Let g(w) = w**3 - 4*w**2 - w - 5. Let m = -11 - -13. Suppose 20 = m*x - 2*a, 4*a = 2*x + a - 25. What is the units digit of g(x)?
5
Suppose 0 = -2*i - 1 + 11. Suppose -203 - 22 = -i*w. What is the units digit of w?
5
Let a(m) be the third derivative of 0 + 0*m - 1/5*m**5 - 1/120*m**6 - 6*m**2 - 13/24*m**4 + 11/6*m**3. What is the tens digit of a(-11)?
3
Let d = -36 - -40. Suppose d*q + 0*q = 2*u - 612, -4*q = -3*u + 928. What is the tens digit of u?
1
Let c(b) = -b**3 + 23*b**2 + 8*b - 51. What is the tens digit of c(22)?
0
Let c be 4/(-14) - 6/(-21). Let v(k) = -k**2 + k + 14. Let p be v(c). What is the units digit of 332/p + 2/7?
4
Let i be (-8)/52 - 197/(-13). Let c = i + 11. What is the units digit of c?
6
Let u = -5411 + 8152. What is the thousands digit of u?
2
Suppose -3*x + 6 = -4*n - 3, n + 9 = 3*x. Suppose x*u - i + 67 - 191 = 0, 40 = u + i. What is the tens digit of u?
4
What is the tens digit of 6*((-167)/(-4))/((-15)/(-20))?
3
Let l = -5 - 1. Let c be 12/l + 6 + 0. Suppose -d = 4*k - 109, -7*k = -2*k + c*d - 139. What is the tens digit of k?
2
Let t = -3 - -9. Suppose 0 = -4*a + t*a - 272. What is the hundreds digit of a?
1
Let v = -302 + 572. Let p(c) = -2*c - 2. Let h be p(-4). Suppose h*u = u + v. What is the units digit of u?
4
What is the units digit of (7706/(-6) - (69 - 73))*-3?
1
Suppose 6*o - 3*o - 3 = 0. What is the units digit of (-10)/25 + o/(10/1284)?
8
Let b(q) = -35*q + 2. What is the units digit of b(-11)?
7
Let k be (-15)/10 - 84/(-8). Suppose 0 = -j + 14 - k. What is the units digit of (-46)/(-3 + (j - 4))?
3
Suppose 0 = 10*q - 6*q - 16. Suppose 2*y - q = y, -14 = 3*v - 2*y. What is the tens digit of v/9 - (-4344)/108?
4
Suppose 3*h - 44*q = -39*q + 10694, 17820 = 5*h - 5*q. What is the units digit of h?
3
Suppose -22*d - 1512 = -26*d. What is the hundreds digit of d?
3
Let k = 60 - 60. Suppose -h + 58 = -k*h - 4*w, -h - 3*w = -30. What is the units digit of h?
2
Let n be 88/16*(-3 + 1). Let z be (-6)/4*(n - -5). Suppose 0 = -2*o - 4*x + 20, 3*o - x - z = 0. What is the units digit of o?
4
Let c = -8 - -12. Let w be 10/(-20) - (-26)/c. Suppose -2*r + w - 2 = 0. What is the units digit of r?
2
Let d be (-40)/(((-8)/22)/2). Let i(b) = b**2 + 3*b - 5. Let q be i(-5). Suppose -d = -8*g + 3*g + 5*m, -3*g - q*m = -148. What is the units digit of g?
6
What is the hundreds digit of 722 + (-4 - -3) + 1?
7
Let l(j) = 2*j**2 - 10*j + 2. Let g(x) be the third derivative of x**6/120 + 11*x**5/60 + 4*x**3/3 + 7*x**2. Let d be g(-11). What is the tens digit of l(d)?
5
Let o(n) = 40*n**2 + 8*n - 3. What is the tens digit of o(5)?
3
Suppose -206 = 144*z - 145*z. What is the tens digit of z?
0
Let u(g) = g**3 - g + 5. Let o be u(0). Let y(h) = h**3 - 8*h**2 + 7*h - 16. Let q be y(9). Suppose -o*x + q = 28. What is the units digit of x?
0
Suppose a = 6*a - 25. Suppose a*f = -5*v + 585, -456 = -4*f + 3*v - v. What is the tens digit of f?
1
Suppose 3*l + 2*l + c = 2014, 3*l - 1226 = -5*c. What is the tens digit of l?
0
Let b(d) = 878*d**2 - 21*d - 5. What is the tens digit of b(-2)?
4
Suppose -478 = -5*q + 402. What is the tens digit of q?
7
Suppose 108 = -2*w + 18. Let m = -15 + w. Let s = m + 108. What is the units digit of s?
8
Let n be (2/8)/(-1 - (-26)/24). Suppose n*j - 4 = -j, -3*j = 2*i - 73. What is the units digit of i?
5
Let q = -147 + -29. Let m = q - -256. Suppose m = 6*o - 148. What is the tens digit of o?
3
Let m(b) = 31*b - 7. Suppose 22 = -3*a - 5*n + 6, -4 = -3*a - n. What is the units digit of m(a)?
6
Let s(t) = t**2 + 2*t - 3. Let g be s(2). Suppose i = -0*i + g. What is the units digit of i?
5
Let o = 10 - 2. Let s(a) = -a**3 + 10*a**2 - 9*a + 1. What is the tens digit of s(o)?
5
Let i = -183 - -777. What is the units digit of i?
4
Let o(i) = 14*i - 95. Let p(a) = -5*a + 32. Let x(l) = -2*o(l) - 7*p(l). What is the units digit of x(13)?
7
Suppose 307 = 3*j - 1559. What is the hundreds digit of j?
6
Let j be 32 - (-5 + 3) - -1. Suppose 9*p - 4*p - j = 0. Suppose -2*w + p*w = 140. What is the tens digit of w?
2
Let n be (8 + -2 - 3) + -2. What is the units digit of (-3)/1 - (-50 - n)?
8
Suppose 33 - 5 = 4*h. What is the hundreds digit of h/14 - 435/(-2)?
2
Let b be 1005/(-105) - 6/14. Let w(c) = -10*c - 21. What is the units digit of w(b)?
9
Suppose 34*n - 1086 - 11222 = 0. What is the units digit of n?
2
Suppose -w - w = 0. Suppose 2*l - c + 11 = w, 29 = -5*l - 0*c + 3*c. What is the units digit of -24*l/((-32)/(-10))?
0
Let d(o) = -o**2 + 86*o - 151. What is the hundreds digit of d(55)?
5
What is the thousands digit of (-1578)/(3 - (4 + 0))?
1
Let s = 48 - 50. What is the units digit of (45 - 2) + 2 + s?
3
Suppose 14*y - 65 = 19*y. Let k(a) = a - 11. Let i be k(y). What is the units digit of (-30)/9*i/20?
4
Let w be (14/8)/((-4)/(-192)). Suppose 2*g - 3*t - 85 = 0, -5*g + 137 + w = t. What is the tens digit of g?
4
Let o = -118 + 55. Let a = 123 + o. What is the units digit of a?
0
Let d = 109 + -50. Suppose -106 = -5*c + d. What is the tens digit of c?
3
Let j be (1 + -2)*(-13)/((-91)/(-14)). Suppose j*z - 45 - 29 = 0. What is the units digit of z?
7
Suppose 0 = d - 2, 0 = -5*i + d + 1512 + 526. Suppose -4*w - 4*f = -i, 514 = 6*w - w